{"id":2700,"date":"2017-10-11T11:50:46","date_gmt":"2017-10-11T09:50:46","guid":{"rendered":"https:\/\/www.anskar.de\/marburg\/?page_id=2700"},"modified":"2025-08-08T21:08:48","modified_gmt":"2025-08-08T19:08:48","slug":"unser-gemeindeprofil","status":"publish","type":"page","link":"https:\/\/www.anskar.de\/marburg\/unser-gemeindeprofil\/","title":{"rendered":"Unser Gemeindeprofil"},"content":{"rendered":"<p>[et_pb_section fb_built=&#8220;1&#8243; fullwidth=&#8220;on&#8220; _builder_version=&#8220;4.16&#8243; global_colors_info=&#8220;{}&#8220;][et_pb_fullwidth_slider _builder_version=&#8220;4.18.0&#8243; custom_padding=&#8220;150px||150px|&#8220; custom_padding_tablet=&#8220;|||&#8220; custom_padding_phone=&#8220;|||&#8220; hover_enabled=&#8220;0&#8243; box_shadow_style=&#8220;preset6&#8243; box_shadow_blur=&#8220;10px&#8220; box_shadow_color=&#8220;rgba(0,0,0,0.1)&#8220; top_padding=&#8220;150px&#8220; bottom_padding=&#8220;150px&#8220; show_inner_shadow=&#8220;on&#8220; global_colors_info=&#8220;{}&#8220; button_text_size__hover_enabled=&#8220;off&#8220; button_one_text_size__hover_enabled=&#8220;off&#8220; button_two_text_size__hover_enabled=&#8220;off&#8220; button_text_color__hover_enabled=&#8220;off&#8220; button_one_text_color__hover_enabled=&#8220;off&#8220; button_two_text_color__hover_enabled=&#8220;off&#8220; button_border_width__hover_enabled=&#8220;off&#8220; button_one_border_width__hover_enabled=&#8220;off&#8220; button_two_border_width__hover_enabled=&#8220;off&#8220; button_border_color__hover_enabled=&#8220;off&#8220; button_one_border_color__hover_enabled=&#8220;off&#8220; button_two_border_color__hover_enabled=&#8220;off&#8220; button_border_radius__hover_enabled=&#8220;off&#8220; button_one_border_radius__hover_enabled=&#8220;off&#8220; button_two_border_radius__hover_enabled=&#8220;off&#8220; button_letter_spacing__hover_enabled=&#8220;off&#8220; button_one_letter_spacing__hover_enabled=&#8220;off&#8220; button_two_letter_spacing__hover_enabled=&#8220;off&#8220; button_bg_color__hover_enabled=&#8220;off&#8220; button_one_bg_color__hover_enabled=&#8220;off&#8220; button_two_bg_color__hover_enabled=&#8220;off&#8220; sticky_enabled=&#8220;0&#8243;][et_pb_slide heading=&#8220;Unsere Gemeindeordnung&#8220; _builder_version=&#8220;4.18.0&#8243; background_color=&#8220;#ffffff&#8220; background_image=&#8220;https:\/\/www.anskar.de\/marburg\/wp-content\/uploads\/sites\/4\/2017\/10\/way-2296334_1280.jpg&#8220; hover_enabled=&#8220;0&#8243; global_colors_info=&#8220;{}&#8220; sticky_transition=&#8220;on&#8220; button_text_size__hover_enabled=&#8220;off&#8220; button_one_text_size__hover_enabled=&#8220;off&#8220; button_two_text_size__hover_enabled=&#8220;off&#8220; button_text_color__hover_enabled=&#8220;off&#8220; button_one_text_color__hover_enabled=&#8220;off&#8220; button_two_text_color__hover_enabled=&#8220;off&#8220; button_border_width__hover_enabled=&#8220;off&#8220; button_one_border_width__hover_enabled=&#8220;off&#8220; button_two_border_width__hover_enabled=&#8220;off&#8220; button_border_color__hover_enabled=&#8220;off&#8220; button_one_border_color__hover_enabled=&#8220;off&#8220; button_two_border_color__hover_enabled=&#8220;off&#8220; button_border_radius__hover_enabled=&#8220;off&#8220; button_one_border_radius__hover_enabled=&#8220;off&#8220; button_two_border_radius__hover_enabled=&#8220;off&#8220; button_letter_spacing__hover_enabled=&#8220;off&#8220; button_one_letter_spacing__hover_enabled=&#8220;off&#8220; button_two_letter_spacing__hover_enabled=&#8220;off&#8220; button_bg_color__hover_enabled=&#8220;off&#8220; button_one_bg_color__hover_enabled=&#8220;off&#8220; button_two_bg_color__hover_enabled=&#8220;off&#8220; sticky_enabled=&#8220;0&#8243;][\/et_pb_slide][\/et_pb_fullwidth_slider][\/et_pb_section][et_pb_section fb_built=&#8220;1&#8243; _builder_version=&#8220;4.16&#8243; global_colors_info=&#8220;{}&#8220;][et_pb_row _builder_version=&#8220;4.16&#8243; global_colors_info=&#8220;{}&#8220;][et_pb_column type=&#8220;4_4&#8243; _builder_version=&#8220;4.16&#8243; custom_padding=&#8220;|||&#8220; global_colors_info=&#8220;{}&#8220; custom_padding__hover=&#8220;|||&#8220;][et_pb_text _builder_version=&#8220;4.18.0&#8243; hover_enabled=&#8220;0&#8243; global_colors_info=&#8220;{}&#8220; sticky_enabled=&#8220;0&#8243;]<\/p>\n<h3>Unsere Wurzeln<\/h3>\n<p>Die Anskar-Kirche Marburg bekennt als ihre Grundlage das Evangelium von Jesus Christus, wie es im Alten und Neuen Testament gegeben ist.<\/p>\n<p>Die Anskar-Kirche Marburg wei\u00df sich an die Lehrentscheidungen der Alten Kirche gebunden, wie sie im <a href=\"https:\/\/www.ekd.de\/Apostolisches-Glaubensbekenntnis-10790.htm\" target=\"_blank\" rel=\"noopener\">Apostolischen<\/a> und <a href=\"https:\/\/www.ekd.de\/Glaubensbekenntnis-von-Nizaa-Konstantinopel-10796.htm\" target=\"_blank\" rel=\"noopener\">Nic\u00e4nischen Glaubensbekenntnis<\/a> ihren Niederschlag gefunden haben. Sie bezeugt die reformatorischen Grunderkenntnisse: <em>solus Christus<\/em> (allein Christus), <em>sola scriptura<\/em> (allein die Schrift), <em>sola gratia<\/em> (allein aus Gnade), <em>sola fide<\/em> (allein aus Glauben).<\/p>\n<p>Die Anskar-Kirche Marburg versteht sich als Teil der evangelikalen Bewegung und stimmt mit der <a href=\"https:\/\/www.ead.de\/basis-des-glaubens\/\" target=\"_blank\" rel=\"noopener\">Glaubensbasis der Evangelischen Allianz<\/a> von 1846, \u00fcberarbeitet 2018, \u00fcberein.\u00a0<\/p>\n<p>Die Anskar-Kirche Marburg bezeichnet sich als charismatisch, weil sie davon \u00fcberzeugt ist, dass alle im Neuen Testament bezeugten und verhei\u00dfenen Geistwirkungen auch heute noch erbeten und erfahren werden k\u00f6nnen und sollen. Sie versteht die geistliche Lebendigkeit der Fr\u00fchkirche nicht nur als historischen Ausgangspunkt, sondern auch als Lebenswirklichkeit, die sie heute anstrebt.<\/p>\n<p>Die Anskar-Kirche Marburg versteht Taufe sowohl als Bekenntnis des Menschen wie auch als Gnadengeschenk Gottes. Sie respektiert, dass es in der Tauffrage unter Christen unterschiedliche Auffassungen gibt, lehrt und vertritt aber die Taufe an gl\u00e4ubig gewordenen Menschen. Das bedeutet, dass sie keine S\u00e4uglingstaufe praktiziert.<\/p>\n<p>Die Anskar-Kirche Marburg wurde am Palmsonntag 2002 gegr\u00fcndet. Sie ist eingebunden in die Anskar-Kirche Deutschland und erkennt deren Kirchenordnung als verbindlich an. Auf diese Weise geschieht Zuordnung und Unterordnung unter eine gemeinsame Leitung.<\/p>\n<h3>Unser Name<\/h3>\n<p>Der Name Anskars (801-865), des \u201eApostels des Nordens\u201c, steht als Symbol f\u00fcr eine wagemutige, geistgeleitete, ganz und gar missionarisch ausgerichtete Existenz. So sieht auch die Anskar-Kirche Marburg ihre Aufgabe darin, mit allen ihren Aktivit\u00e4ten die Ausbreitung des Reiches Gottes zu f\u00f6rdern.<\/p>\n<h3>Die Leitungsstruktur unserer Gemeinde<\/h3>\n<p>Alle Leitungsaufgaben in der Gemeinde k\u00f6nnen sowohl von M\u00e4nnern als auch von Frauen wahrgenommen werden. Die Gesamtverantwortung f\u00fcr die Gemeinde nimmt der <strong>leitende Pastor<\/strong> wahr. Er bildet zusammen mit den <strong>\u00c4ltesten<\/strong> und ggf. weiteren Pastoren die <strong>Gemeindeleitung<\/strong>. Bei den \u00c4ltesten handelt es sich um M\u00e4nner und Frauen, die er nach Beratung mit Christen der Gemeinde f\u00fcr die Dauer von vier Jahren in dieses Amt beruft. Seine Entscheidungen trifft der leitende Pastor, soweit irgend m\u00f6glich, einm\u00fctig mit der \u00fcbrigen Gemeindeleitung.<\/p>\n<p>Die <strong>Gemeindeversammlung<\/strong> setzt sich aus den Mitgliedern der Gemeinde zusammen. Sie ber\u00e4t \u00fcber Angelegenheiten der Gemeinde und nimmt einen Bericht der Gemeindeleitung entgegen. Mindestens einmal pro Halbjahr wird sie durch den leitenden Pastor einberufen. Sie muss au\u00dferdem einberufen werden, wenn mehr als 20% der jeweiligen Gemeindemitglieder dies beantragen. Mit den Stimmen von zwei Dritteln aller Gemeindemitglieder kann die Gemeindeversammlung den leitenden Pastor abw\u00e4hlen.<\/p>\n<p>Zur Abwicklung aller T\u00e4tigkeiten, die dem geltenden Recht unterliegen, bedient sich die Anskar-Kirche Marburg des <strong>Anskar-Kirche Marburg e.V.<\/strong> Seine Entscheidungen unterliegen dem Vereinsrecht. Der Verein hat keinen Einfluss auf die innere Gestaltung des Gemeindelebens.<\/p>\n<h3>Die Mitgliedschaft in unserer Gemeinde<\/h3>\n<p>Mitglied der Anskar-Kirche Marburg kann jeder werden, der sein Leben Jesus Christus \u00fcbergeben hat und die Gemeindeordnung der Anskar-Kirche Marburg bejaht. Der Wunsch nach Aufnahme kann abgelehnt werden, wenn eine Person diese Voraussetzungen nicht erf\u00fcllt oder an Irrlehre oder offensichtlichen S\u00fcnden festh\u00e4lt.<\/p>\n<p>Im Gehorsam gegen Gottes Wort verpflichten sich die Mitglieder,<\/p>\n<ul>\n<li>das Leben der Gemeinde mitzugestalten, indem sie regelm\u00e4\u00dfig an den Gottesdiensten teilnehmen und verbindlich in einem Hauskreis oder einer \u00e4hnlichen Gruppe mitleben,<\/li>\n<li>die Dienste der Gemeinde mitzutragen, indem sie im Rahmen ihrer M\u00f6glichkeiten Gaben, F\u00e4higkeiten und finanzielle Mittel, die Gott ihnen gegeben hat, in die Gemeinde einbringen (bez\u00fcglich der Finanzen orientieren wir uns am biblischen \u201eZehnten\u201c),<\/li>\n<li>die Einheit der Gemeinde zu sch\u00fctzen, indem sie gegen\u00fcber anderen Mitgliedern in Liebe handeln, bei Konflikten das Gespr\u00e4ch miteinander suchen, anstatt negativ \u00fcbereinander zu reden, und sich ihren Leitern unterordnen.<\/li>\n<\/ul>\n<p>Die Mitgliedschaft erlischt, wenn diese Voraussetzungen nicht mehr gegeben sind oder ein Mitglied trotz wiederholter Belehrung und Ermahnung an Irrlehre oder offensichtlicher S\u00fcnde festh\u00e4lt. Vorher wird jedoch nach M\u00f6glichkeit das seelsorgerliche Gespr\u00e4ch gesucht.<\/p>\n<p>Eine Doppelmitgliedschaft, also die Zugeh\u00f6rigkeit zur Anskar-Kirche Marburg, ohne die bisherige Mitgliedschaft in einer anderen Denomination aufzugeben, ist in begr\u00fcndeten Ausnahmef\u00e4llen m\u00f6glich. F\u00fcr Gemeindemitglieder mit Doppelmitgliedschaft gilt die Gemeindeordnung der Anskar-Kirche Marburg ohne Einschr\u00e4nkung.<\/p>\n<p>[\/et_pb_text][\/et_pb_column][\/et_pb_row][\/et_pb_section]<\/p>\n","protected":false},"excerpt":{"rendered":"<p>Unsere Wurzeln Die Anskar-Kirche Marburg bekennt als ihre Grundlage das Evangelium von Jesus Christus, wie es im Alten und Neuen Testament gegeben ist. Die Anskar-Kirche Marburg wei\u00df sich an die [&hellip;]<\/p>\n","protected":false},"author":3,"featured_media":0,"parent":0,"menu_order":0,"comment_status":"closed","ping_status":"closed","template":"","meta":{"_et_pb_use_builder":"on","_et_pb_old_content":"","_et_gb_content_width":"","footnotes":""},"class_list":["post-2700","page","type-page","status-publish","hentry"],"yoast_head":"<!-- This site is optimized with the Yoast SEO plugin v24.6 - https:\/\/yoast.com\/wordpress\/plugins\/seo\/ -->\n<title>Unser Gemeindeprofil - Anskar-Kirche Marburg<\/title>\n<meta name=\"robots\" content=\"index, follow, max-snippet:-1, max-image-preview:large, max-video-preview:-1\" \/>\n<link rel=\"canonical\" href=\"https:\/\/www.anskar.de\/marburg\/unser-gemeindeprofil\/\" \/>\n<meta property=\"og:locale\" content=\"de_DE\" \/>\n<meta property=\"og:type\" content=\"article\" \/>\n<meta property=\"og:title\" content=\"Unser Gemeindeprofil - Anskar-Kirche Marburg\" \/>\n<meta property=\"og:description\" content=\"Unsere Wurzeln Die Anskar-Kirche Marburg bekennt als ihre Grundlage das Evangelium von Jesus Christus, wie es im Alten und Neuen Testament gegeben ist. Die Anskar-Kirche Marburg wei\u00df sich an die [&hellip;]\" \/>\n<meta property=\"og:url\" content=\"https:\/\/www.anskar.de\/marburg\/unser-gemeindeprofil\/\" \/>\n<meta property=\"og:site_name\" content=\"Anskar-Kirche Marburg\" \/>\n<meta property=\"article:modified_time\" content=\"2025-08-08T19:08:48+00:00\" \/>\n<meta name=\"twitter:card\" content=\"summary_large_image\" \/>\n<meta name=\"twitter:label1\" content=\"Gesch\u00e4tzte Lesezeit\" \/>\n\t<meta name=\"twitter:data1\" content=\"6\u00a0Minuten\" \/>\n<script type=\"application\/ld+json\" class=\"yoast-schema-graph\">{\"@context\":\"https:\/\/schema.org\",\"@graph\":[{\"@type\":\"WebPage\",\"@id\":\"https:\/\/www.anskar.de\/marburg\/unser-gemeindeprofil\/\",\"url\":\"https:\/\/www.anskar.de\/marburg\/unser-gemeindeprofil\/\",\"name\":\"Unser Gemeindeprofil - Anskar-Kirche Marburg\",\"isPartOf\":{\"@id\":\"https:\/\/www.anskar.de\/marburg\/#website\"},\"datePublished\":\"2017-10-11T09:50:46+00:00\",\"dateModified\":\"2025-08-08T19:08:48+00:00\",\"breadcrumb\":{\"@id\":\"https:\/\/www.anskar.de\/marburg\/unser-gemeindeprofil\/#breadcrumb\"},\"inLanguage\":\"de\",\"potentialAction\":[{\"@type\":\"ReadAction\",\"target\":[\"https:\/\/www.anskar.de\/marburg\/unser-gemeindeprofil\/\"]}]},{\"@type\":\"BreadcrumbList\",\"@id\":\"https:\/\/www.anskar.de\/marburg\/unser-gemeindeprofil\/#breadcrumb\",\"itemListElement\":[{\"@type\":\"ListItem\",\"position\":1,\"name\":\"Startseite\",\"item\":\"https:\/\/www.anskar.de\/marburg\/\"},{\"@type\":\"ListItem\",\"position\":2,\"name\":\"Unser Gemeindeprofil\"}]},{\"@type\":\"WebSite\",\"@id\":\"https:\/\/www.anskar.de\/marburg\/#website\",\"url\":\"https:\/\/www.anskar.de\/marburg\/\",\"name\":\"Anskar-Kirche Marburg\",\"description\":\"Internationale Gemeinde\",\"potentialAction\":[{\"@type\":\"SearchAction\",\"target\":{\"@type\":\"EntryPoint\",\"urlTemplate\":\"https:\/\/www.anskar.de\/marburg\/?s={search_term_string}\"},\"query-input\":{\"@type\":\"PropertyValueSpecification\",\"valueRequired\":true,\"valueName\":\"search_term_string\"}}],\"inLanguage\":\"de\"}]}<\/script>\n<!-- \/ Yoast SEO plugin. -->","yoast_head_json":{"title":"Unser Gemeindeprofil - Anskar-Kirche Marburg","robots":{"index":"index","follow":"follow","max-snippet":"max-snippet:-1","max-image-preview":"max-image-preview:large","max-video-preview":"max-video-preview:-1"},"canonical":"https:\/\/www.anskar.de\/marburg\/unser-gemeindeprofil\/","og_locale":"de_DE","og_type":"article","og_title":"Unser Gemeindeprofil - Anskar-Kirche Marburg","og_description":"Unsere Wurzeln Die Anskar-Kirche Marburg bekennt als ihre Grundlage das Evangelium von Jesus Christus, wie es im Alten und Neuen Testament gegeben ist. Die Anskar-Kirche Marburg wei\u00df sich an die [&hellip;]","og_url":"https:\/\/www.anskar.de\/marburg\/unser-gemeindeprofil\/","og_site_name":"Anskar-Kirche Marburg","article_modified_time":"2025-08-08T19:08:48+00:00","twitter_card":"summary_large_image","twitter_misc":{"Gesch\u00e4tzte Lesezeit":"6\u00a0Minuten"},"schema":{"@context":"https:\/\/schema.org","@graph":[{"@type":"WebPage","@id":"https:\/\/www.anskar.de\/marburg\/unser-gemeindeprofil\/","url":"https:\/\/www.anskar.de\/marburg\/unser-gemeindeprofil\/","name":"Unser Gemeindeprofil - Anskar-Kirche Marburg","isPartOf":{"@id":"https:\/\/www.anskar.de\/marburg\/#website"},"datePublished":"2017-10-11T09:50:46+00:00","dateModified":"2025-08-08T19:08:48+00:00","breadcrumb":{"@id":"https:\/\/www.anskar.de\/marburg\/unser-gemeindeprofil\/#breadcrumb"},"inLanguage":"de","potentialAction":[{"@type":"ReadAction","target":["https:\/\/www.anskar.de\/marburg\/unser-gemeindeprofil\/"]}]},{"@type":"BreadcrumbList","@id":"https:\/\/www.anskar.de\/marburg\/unser-gemeindeprofil\/#breadcrumb","itemListElement":[{"@type":"ListItem","position":1,"name":"Startseite","item":"https:\/\/www.anskar.de\/marburg\/"},{"@type":"ListItem","position":2,"name":"Unser Gemeindeprofil"}]},{"@type":"WebSite","@id":"https:\/\/www.anskar.de\/marburg\/#website","url":"https:\/\/www.anskar.de\/marburg\/","name":"Anskar-Kirche Marburg","description":"Internationale Gemeinde","potentialAction":[{"@type":"SearchAction","target":{"@type":"EntryPoint","urlTemplate":"https:\/\/www.anskar.de\/marburg\/?s={search_term_string}"},"query-input":{"@type":"PropertyValueSpecification","valueRequired":true,"valueName":"search_term_string"}}],"inLanguage":"de"}]}},"_links":{"self":[{"href":"https:\/\/www.anskar.de\/marburg\/wp-json\/wp\/v2\/pages\/2700","targetHints":{"allow":["GET"]}}],"collection":[{"href":"https:\/\/www.anskar.de\/marburg\/wp-json\/wp\/v2\/pages"}],"about":[{"href":"https:\/\/www.anskar.de\/marburg\/wp-json\/wp\/v2\/types\/page"}],"author":[{"embeddable":true,"href":"https:\/\/www.anskar.de\/marburg\/wp-json\/wp\/v2\/users\/3"}],"replies":[{"embeddable":true,"href":"https:\/\/www.anskar.de\/marburg\/wp-json\/wp\/v2\/comments?post=2700"}],"version-history":[{"count":7,"href":"https:\/\/www.anskar.de\/marburg\/wp-json\/wp\/v2\/pages\/2700\/revisions"}],"predecessor-version":[{"id":4315,"href":"https:\/\/www.anskar.de\/marburg\/wp-json\/wp\/v2\/pages\/2700\/revisions\/4315"}],"wp:attachment":[{"href":"https:\/\/www.anskar.de\/marburg\/wp-json\/wp\/v2\/media?parent=2700"}],"curies":[{"name":"wp","href":"https:\/\/api.w.org\/{rel}","templated":true}]}}