{"id":2720,"date":"2017-10-11T14:41:36","date_gmt":"2017-10-11T12:41:36","guid":{"rendered":"https:\/\/www.anskar.de\/marburg\/?page_id=2720"},"modified":"2017-10-11T17:28:16","modified_gmt":"2017-10-11T15:28:16","slug":"wer-war-anskar","status":"publish","type":"page","link":"https:\/\/www.anskar.de\/marburg\/wer-war-anskar\/","title":{"rendered":"Wer war Anskar?"},"content":{"rendered":"<p>[et_pb_section fb_built=&#8220;1&#8243; fullwidth=&#8220;on&#8220; _builder_version=&#8220;3.0.60&#8243;][et_pb_fullwidth_slider top_padding=&#8220;150px&#8220; bottom_padding=&#8220;150px&#8220; _builder_version=&#8220;3.0.60&#8243;][et_pb_slide heading=&#8220;Wer war Anskar?&#8220; background_image=&#8220;https:\/\/www.anskar.de\/wp-content\/uploads\/2016\/04\/St-Anskgar-AKD-IMG_4945-3.png&#8220; _builder_version=&#8220;3.0.60&#8243;][\/et_pb_slide][\/et_pb_fullwidth_slider][\/et_pb_section][et_pb_section fb_built=&#8220;1&#8243; _builder_version=&#8220;3.0.47&#8243;][et_pb_row _builder_version=&#8220;3.0.60&#8243;][et_pb_column type=&#8220;1_2&#8243; _builder_version=&#8220;3.0.60&#8243; parallax=&#8220;off&#8220; parallax_method=&#8220;on&#8220;][et_pb_text _builder_version=&#8220;3.0.60&#8243;]<\/p>\n<p>Unsere Kirche ist nach Anskar genannt, dem \u201eApostel des Nordens\u201c (801-865). Sein Vorbild inspiriert uns, denn \u2026<\/p>\n<h3>\u2026 er war durch und durch\u00a0Missionar.<\/h3>\n<p>Er wollte Menschen das Evangelium bringen, die es noch nicht kannten. Dieses Ziel gilt auch f\u00fcr uns.<\/p>\n<h3>\u2026 er war\u00a0\u201eCharismatiker\u201c.<\/h3>\n<p>Er bejahte und erlebte neutestamentlich bezeugte Geistesgaben (Charismen). Sein Leben wurde wesentlich durch gottgeschenkte Visionen geleitet. Zudem hatte er eine ausgepr\u00e4gte Heilungsgabe. Auch wir rechnen mit den biblisch bezeugten Geistesgaben, erbitten sie und \u00fcben ein, mit ihnen zu leben.<\/p>\n<h3>\u2026 er war ein Mann, dessen\u00a0Mut\u00a0immer wieder ger\u00fchmt wurde.<\/h3>\n<p>\u201eIch kenne keine Angst\u201c, soll er gesagt haben. Wir m\u00f6chten ein offensives Christsein leben, das risikofreudig vorangeht und nicht irgendeinen Status quo verteidigt.<\/p>\n<p>[\/et_pb_text][\/et_pb_column][et_pb_column type=&#8220;1_2&#8243; _builder_version=&#8220;3.0.60&#8243; parallax=&#8220;off&#8220; parallax_method=&#8220;on&#8220;][et_pb_text _builder_version=&#8220;3.0.60&#8243;]<\/p>\n<h3>\u2026 er war ein Mann der\u00a0ungeteilten Christenheit.<\/h3>\n<p>Er wirkte, ehe Ost- und Westkirche sich trennten, ehe durch die Reformation die abendl\u00e4ndische Christenheit gespalten wurde. Uns ist wichtig, alles zu betonen, was uns mit anderen Gl\u00e4ubigen verbindet, und das noch Trennende einfach zu respektieren.<\/p>\n<h3>\u2026 er war weitherziger\u00a0Europ\u00e4er.<\/h3>\n<p>Geboren in Frankreich, lebte er in j\u00fcngeren Jahren im Kloster Corvey bei H\u00f6xter an der Weser. Sp\u00e4ter wirkte er als Bischof f\u00fcr Hamburg und Bremen und missionierte in Skandinavien. Wir sind dankbar f\u00fcr alles, was wir von Christen der weltweiten Kirche empfangen. Gleichzeitig ist uns bewusst, dass wir von der geistlichen Kultur Europas gepr\u00e4gt sind. Besonders diesen Kulturraum wollen wir mit dem Wort Gottes erreichen und dazu mit Christen aus verschiedenen L\u00e4ndern zusammenarbeiten.<\/p>\n<p>[\/et_pb_text][\/et_pb_column][\/et_pb_row][et_pb_row _builder_version=&#8220;3.0.60&#8243;][et_pb_column type=&#8220;4_4&#8243; _builder_version=&#8220;3.0.60&#8243; parallax=&#8220;off&#8220; parallax_method=&#8220;on&#8220;][et_pb_text _builder_version=&#8220;3.0.60&#8243;]<\/p>\n<p><img decoding=\"async\" width=\"113\" height=\"153\" data-src=\"https:\/\/www.anskar.de\/wp-content\/uploads\/2016\/04\/anskar-221x300.jpg\" alt=\"\" class=\"size-medium alignleft lazyload\" src=\"data:image\/gif;base64,R0lGODlhAQABAAAAACH5BAEKAAEALAAAAAABAAEAAAICTAEAOw==\" style=\"--smush-placeholder-width: 113px; --smush-placeholder-aspect-ratio: 113\/153;\" \/>Mit dem Namen \u201eAnskar\u201c bringen wir auch zum Ausdruck, dass wir uns bewusst als Teil der 2000 Jahre alten weltweiten Kirche verstehen. Wir m\u00f6chten mit innovativen Formen in die Zukunft gehen, aber dabei unser\u00a0geschichtliches Erbe\u00a0nicht leugnen. So haben auch bew\u00e4hrte kirchliche Traditionen ihren Platz in unseren Gemeinden, wenn wir sie biblisch und kulturell f\u00fcr vertretbar halten.<\/p>\n<p><a href=\"https:\/\/sourcebooks.fordham.edu\/basis\/anskar.asp\" target=\"_blank\" rel=\"noopener noreferrer\">Die \u201eVita Anskarii\u201c, die Anskar-Biographie<\/a> (englisch)\u00a0<\/p>\n<p>[\/et_pb_text][\/et_pb_column][\/et_pb_row][\/et_pb_section]<\/p>\n","protected":false},"excerpt":{"rendered":"<p>Unsere Kirche ist nach Anskar genannt, dem \u201eApostel des Nordens\u201c (801-865). Sein Vorbild inspiriert uns, denn \u2026 \u2026 er war durch und durch\u00a0Missionar. Er wollte Menschen das Evangelium bringen, die [&hellip;]<\/p>\n","protected":false},"author":3,"featured_media":0,"parent":0,"menu_order":0,"comment_status":"closed","ping_status":"closed","template":"","meta":{"_et_pb_use_builder":"on","_et_pb_old_content":"","_et_gb_content_width":"","footnotes":""},"class_list":["post-2720","page","type-page","status-publish","hentry"],"yoast_head":"<!-- This site is optimized with the Yoast SEO plugin v24.6 - https:\/\/yoast.com\/wordpress\/plugins\/seo\/ -->\n<title>Wer war Anskar? - Anskar-Kirche Marburg<\/title>\n<meta name=\"robots\" content=\"index, follow, max-snippet:-1, max-image-preview:large, max-video-preview:-1\" \/>\n<link rel=\"canonical\" href=\"https:\/\/www.anskar.de\/marburg\/wer-war-anskar\/\" \/>\n<meta property=\"og:locale\" content=\"de_DE\" \/>\n<meta property=\"og:type\" content=\"article\" \/>\n<meta property=\"og:title\" content=\"Wer war Anskar? - Anskar-Kirche Marburg\" \/>\n<meta property=\"og:description\" content=\"Unsere Kirche ist nach Anskar genannt, dem \u201eApostel des Nordens\u201c (801-865). Sein Vorbild inspiriert uns, denn \u2026 \u2026 er war durch und durch\u00a0Missionar. Er wollte Menschen das Evangelium bringen, die [&hellip;]\" \/>\n<meta property=\"og:url\" content=\"https:\/\/www.anskar.de\/marburg\/wer-war-anskar\/\" \/>\n<meta property=\"og:site_name\" content=\"Anskar-Kirche Marburg\" \/>\n<meta property=\"article:modified_time\" content=\"2017-10-11T15:28:16+00:00\" \/>\n<meta property=\"og:image\" content=\"https:\/\/www.anskar.de\/wp-content\/uploads\/2016\/04\/anskar-221x300.jpg\" \/>\n<meta name=\"twitter:card\" content=\"summary_large_image\" \/>\n<meta name=\"twitter:label1\" content=\"Gesch\u00e4tzte Lesezeit\" \/>\n\t<meta name=\"twitter:data1\" content=\"2\u00a0Minuten\" \/>\n<script type=\"application\/ld+json\" class=\"yoast-schema-graph\">{\"@context\":\"https:\/\/schema.org\",\"@graph\":[{\"@type\":\"WebPage\",\"@id\":\"https:\/\/www.anskar.de\/marburg\/wer-war-anskar\/\",\"url\":\"https:\/\/www.anskar.de\/marburg\/wer-war-anskar\/\",\"name\":\"Wer war Anskar? - Anskar-Kirche Marburg\",\"isPartOf\":{\"@id\":\"https:\/\/www.anskar.de\/marburg\/#website\"},\"primaryImageOfPage\":{\"@id\":\"https:\/\/www.anskar.de\/marburg\/wer-war-anskar\/#primaryimage\"},\"image\":{\"@id\":\"https:\/\/www.anskar.de\/marburg\/wer-war-anskar\/#primaryimage\"},\"thumbnailUrl\":\"https:\/\/www.anskar.de\/wp-content\/uploads\/2016\/04\/anskar-221x300.jpg\",\"datePublished\":\"2017-10-11T12:41:36+00:00\",\"dateModified\":\"2017-10-11T15:28:16+00:00\",\"breadcrumb\":{\"@id\":\"https:\/\/www.anskar.de\/marburg\/wer-war-anskar\/#breadcrumb\"},\"inLanguage\":\"de\",\"potentialAction\":[{\"@type\":\"ReadAction\",\"target\":[\"https:\/\/www.anskar.de\/marburg\/wer-war-anskar\/\"]}]},{\"@type\":\"ImageObject\",\"inLanguage\":\"de\",\"@id\":\"https:\/\/www.anskar.de\/marburg\/wer-war-anskar\/#primaryimage\",\"url\":\"https:\/\/www.anskar.de\/wp-content\/uploads\/2016\/04\/anskar-221x300.jpg\",\"contentUrl\":\"https:\/\/www.anskar.de\/wp-content\/uploads\/2016\/04\/anskar-221x300.jpg\"},{\"@type\":\"BreadcrumbList\",\"@id\":\"https:\/\/www.anskar.de\/marburg\/wer-war-anskar\/#breadcrumb\",\"itemListElement\":[{\"@type\":\"ListItem\",\"position\":1,\"name\":\"Startseite\",\"item\":\"https:\/\/www.anskar.de\/marburg\/\"},{\"@type\":\"ListItem\",\"position\":2,\"name\":\"Wer war Anskar?\"}]},{\"@type\":\"WebSite\",\"@id\":\"https:\/\/www.anskar.de\/marburg\/#website\",\"url\":\"https:\/\/www.anskar.de\/marburg\/\",\"name\":\"Anskar-Kirche Marburg\",\"description\":\"Internationale Gemeinde\",\"potentialAction\":[{\"@type\":\"SearchAction\",\"target\":{\"@type\":\"EntryPoint\",\"urlTemplate\":\"https:\/\/www.anskar.de\/marburg\/?s={search_term_string}\"},\"query-input\":{\"@type\":\"PropertyValueSpecification\",\"valueRequired\":true,\"valueName\":\"search_term_string\"}}],\"inLanguage\":\"de\"}]}<\/script>\n<!-- \/ Yoast SEO plugin. -->","yoast_head_json":{"title":"Wer war Anskar? - Anskar-Kirche Marburg","robots":{"index":"index","follow":"follow","max-snippet":"max-snippet:-1","max-image-preview":"max-image-preview:large","max-video-preview":"max-video-preview:-1"},"canonical":"https:\/\/www.anskar.de\/marburg\/wer-war-anskar\/","og_locale":"de_DE","og_type":"article","og_title":"Wer war Anskar? - Anskar-Kirche Marburg","og_description":"Unsere Kirche ist nach Anskar genannt, dem \u201eApostel des Nordens\u201c (801-865). Sein Vorbild inspiriert uns, denn \u2026 \u2026 er war durch und durch\u00a0Missionar. Er wollte Menschen das Evangelium bringen, die [&hellip;]","og_url":"https:\/\/www.anskar.de\/marburg\/wer-war-anskar\/","og_site_name":"Anskar-Kirche Marburg","article_modified_time":"2017-10-11T15:28:16+00:00","og_image":[{"url":"https:\/\/www.anskar.de\/wp-content\/uploads\/2016\/04\/anskar-221x300.jpg","type":"","width":"","height":""}],"twitter_card":"summary_large_image","twitter_misc":{"Gesch\u00e4tzte Lesezeit":"2\u00a0Minuten"},"schema":{"@context":"https:\/\/schema.org","@graph":[{"@type":"WebPage","@id":"https:\/\/www.anskar.de\/marburg\/wer-war-anskar\/","url":"https:\/\/www.anskar.de\/marburg\/wer-war-anskar\/","name":"Wer war Anskar? - Anskar-Kirche Marburg","isPartOf":{"@id":"https:\/\/www.anskar.de\/marburg\/#website"},"primaryImageOfPage":{"@id":"https:\/\/www.anskar.de\/marburg\/wer-war-anskar\/#primaryimage"},"image":{"@id":"https:\/\/www.anskar.de\/marburg\/wer-war-anskar\/#primaryimage"},"thumbnailUrl":"https:\/\/www.anskar.de\/wp-content\/uploads\/2016\/04\/anskar-221x300.jpg","datePublished":"2017-10-11T12:41:36+00:00","dateModified":"2017-10-11T15:28:16+00:00","breadcrumb":{"@id":"https:\/\/www.anskar.de\/marburg\/wer-war-anskar\/#breadcrumb"},"inLanguage":"de","potentialAction":[{"@type":"ReadAction","target":["https:\/\/www.anskar.de\/marburg\/wer-war-anskar\/"]}]},{"@type":"ImageObject","inLanguage":"de","@id":"https:\/\/www.anskar.de\/marburg\/wer-war-anskar\/#primaryimage","url":"https:\/\/www.anskar.de\/wp-content\/uploads\/2016\/04\/anskar-221x300.jpg","contentUrl":"https:\/\/www.anskar.de\/wp-content\/uploads\/2016\/04\/anskar-221x300.jpg"},{"@type":"BreadcrumbList","@id":"https:\/\/www.anskar.de\/marburg\/wer-war-anskar\/#breadcrumb","itemListElement":[{"@type":"ListItem","position":1,"name":"Startseite","item":"https:\/\/www.anskar.de\/marburg\/"},{"@type":"ListItem","position":2,"name":"Wer war Anskar?"}]},{"@type":"WebSite","@id":"https:\/\/www.anskar.de\/marburg\/#website","url":"https:\/\/www.anskar.de\/marburg\/","name":"Anskar-Kirche Marburg","description":"Internationale Gemeinde","potentialAction":[{"@type":"SearchAction","target":{"@type":"EntryPoint","urlTemplate":"https:\/\/www.anskar.de\/marburg\/?s={search_term_string}"},"query-input":{"@type":"PropertyValueSpecification","valueRequired":true,"valueName":"search_term_string"}}],"inLanguage":"de"}]}},"_links":{"self":[{"href":"https:\/\/www.anskar.de\/marburg\/wp-json\/wp\/v2\/pages\/2720","targetHints":{"allow":["GET"]}}],"collection":[{"href":"https:\/\/www.anskar.de\/marburg\/wp-json\/wp\/v2\/pages"}],"about":[{"href":"https:\/\/www.anskar.de\/marburg\/wp-json\/wp\/v2\/types\/page"}],"author":[{"embeddable":true,"href":"https:\/\/www.anskar.de\/marburg\/wp-json\/wp\/v2\/users\/3"}],"replies":[{"embeddable":true,"href":"https:\/\/www.anskar.de\/marburg\/wp-json\/wp\/v2\/comments?post=2720"}],"version-history":[{"count":6,"href":"https:\/\/www.anskar.de\/marburg\/wp-json\/wp\/v2\/pages\/2720\/revisions"}],"predecessor-version":[{"id":2825,"href":"https:\/\/www.anskar.de\/marburg\/wp-json\/wp\/v2\/pages\/2720\/revisions\/2825"}],"wp:attachment":[{"href":"https:\/\/www.anskar.de\/marburg\/wp-json\/wp\/v2\/media?parent=2720"}],"curies":[{"name":"wp","href":"https:\/\/api.w.org\/{rel}","templated":true}]}}

<p>[et_pb_section fb_built=&#8220;1&#8243; fullwidth=&#8220;on&#8220; _builder_version=&#8220;3.0.60&#8243;][et_pb_fullwidth_slider top_padding=&#8220;150px&#8220; bottom_padding=&#8220;150px&#8220; _builder_version=&#8220;3.0.60&#8243;][et_pb_slide heading=&#8220;Wer war Anskar?&#8220; background_image=&#8220;https://www.anskar.de/wp-content/uploads/2016/04/St-Anskgar-AKD-IMG_4945-3.png&#8220; _builder_version=&#8220;3.0.60&#8243;][/et_pb_slide][/et_pb_fullwidth_slider][/et_pb_section][et_pb_section fb_built=&#8220;1&#8243; _builder_version=&#8220;3.0.47&#8243;][et_pb_row _builder_version=&#8220;3.0.60&#8243;][et_pb_column type=&#8220;1_2&#8243; _builder_version=&#8220;3.0.60&#8243; parallax=&#8220;off&#8220; parallax_method=&#8220;on&#8220;][et_pb_text _builder_version=&#8220;3.0.60&#8243;]</p>
<p>Unsere Kirche ist nach Anskar genannt, dem „Apostel des Nordens“ (801-865). Sein Vorbild inspiriert uns, denn …</p>
<h3>… er war durch und durch Missionar.</h3>
<p>Er wollte Menschen das Evangelium bringen, die es noch nicht kannten. Dieses Ziel gilt auch für uns.</p>
<h3>… er war „Charismatiker“.</h3>
<p>Er bejahte und erlebte neutestamentlich bezeugte Geistesgaben (Charismen). Sein Leben wurde wesentlich durch gottgeschenkte Visionen geleitet. Zudem hatte er eine ausgeprägte Heilungsgabe. Auch wir rechnen mit den biblisch bezeugten Geistesgaben, erbitten sie und üben ein, mit ihnen zu leben.</p>
<h3>… er war ein Mann, dessen Mut immer wieder gerühmt wurde.</h3>
<p>„Ich kenne keine Angst“, soll er gesagt haben. Wir möchten ein offensives Christsein leben, das risikofreudig vorangeht und nicht irgendeinen Status quo verteidigt.</p>
<p>[/et_pb_text][/et_pb_column][et_pb_column type=&#8220;1_2&#8243; _builder_version=&#8220;3.0.60&#8243; parallax=&#8220;off&#8220; parallax_method=&#8220;on&#8220;][et_pb_text _builder_version=&#8220;3.0.60&#8243;]</p>
<h3>… er war ein Mann der ungeteilten Christenheit.</h3>
<p>Er wirkte, ehe Ost- und Westkirche sich trennten, ehe durch die Reformation die abendländische Christenheit gespalten wurde. Uns ist wichtig, alles zu betonen, was uns mit anderen Gläubigen verbindet, und das noch Trennende einfach zu respektieren.</p>
<h3>… er war weitherziger Europäer.</h3>
<p>Geboren in Frankreich, lebte er in jüngeren Jahren im Kloster Corvey bei Höxter an der Weser. Später wirkte er als Bischof für Hamburg und Bremen und missionierte in Skandinavien. Wir sind dankbar für alles, was wir von Christen der weltweiten Kirche empfangen. Gleichzeitig ist uns bewusst, dass wir von der geistlichen Kultur Europas geprägt sind. Besonders diesen Kulturraum wollen wir mit dem Wort Gottes erreichen und dazu mit Christen aus verschiedenen Ländern zusammenarbeiten.</p>
<p>[/et_pb_text][/et_pb_column][/et_pb_row][et_pb_row _builder_version=&#8220;3.0.60&#8243;][et_pb_column type=&#8220;4_4&#8243; _builder_version=&#8220;3.0.60&#8243; parallax=&#8220;off&#8220; parallax_method=&#8220;on&#8220;][et_pb_text _builder_version=&#8220;3.0.60&#8243;]</p>
<p><img decoding="async" width="113" height="153" data-src="https://www.anskar.de/wp-content/uploads/2016/04/anskar-221x300.jpg" alt="" class="size-medium alignleft lazyload" src="data:image/gif;base64,R0lGODlhAQABAAAAACH5BAEKAAEALAAAAAABAAEAAAICTAEAOw==" style="--smush-placeholder-width: 113px; --smush-placeholder-aspect-ratio: 113/153;" />Mit dem Namen „Anskar“ bringen wir auch zum Ausdruck, dass wir uns bewusst als Teil der 2000 Jahre alten weltweiten Kirche verstehen. Wir möchten mit innovativen Formen in die Zukunft gehen, aber dabei unser geschichtliches Erbe nicht leugnen. So haben auch bewährte kirchliche Traditionen ihren Platz in unseren Gemeinden, wenn wir sie biblisch und kulturell für vertretbar halten.</p>
<p><a href="https://sourcebooks.fordham.edu/basis/anskar.asp" target="_blank" rel="noopener noreferrer">Die „Vita Anskarii“, die Anskar-Biographie</a> (englisch) </p>
<p>[/et_pb_text][/et_pb_column][/et_pb_row][/et_pb_section]</p>

<!-- This site is optimized with the Yoast SEO plugin v24.6 - https://yoast.com/wordpress/plugins/seo/ -->
<title>Wer war Anskar? - Anskar-Kirche Marburg</title>
<meta name="robots" content="index, follow, max-snippet:-1, max-image-preview:large, max-video-preview:-1" />
<link rel="canonical" href="https://www.anskar.de/marburg/wer-war-anskar/" />
<meta property="og:locale" content="de_DE" />
<meta property="og:type" content="article" />
<meta property="og:title" content="Wer war Anskar? - Anskar-Kirche Marburg" />
<meta property="og:description" content="Unsere Kirche ist nach Anskar genannt, dem „Apostel des Nordens“ (801-865). Sein Vorbild inspiriert uns, denn … … er war durch und durch Missionar. Er wollte Menschen das Evangelium bringen, die [&hellip;]" />
<meta property="og:url" content="https://www.anskar.de/marburg/wer-war-anskar/" />
<meta property="og:site_name" content="Anskar-Kirche Marburg" />
<meta property="article:modified_time" content="2017-10-11T15:28:16+00:00" />
<meta property="og:image" content="https://www.anskar.de/wp-content/uploads/2016/04/anskar-221x300.jpg" />
<meta name="twitter:card" content="summary_large_image" />
<meta name="twitter:label1" content="Geschätzte Lesezeit" />
	<meta name="twitter:data1" content="2 Minuten" />
<script type="application/ld+json" class="yoast-schema-graph">{"@context":"https://schema.org","@graph":[{"@type":"WebPage","@id":"https://www.anskar.de/marburg/wer-war-anskar/","url":"https://www.anskar.de/marburg/wer-war-anskar/","name":"Wer war Anskar? - Anskar-Kirche Marburg","isPartOf":{"@id":"https://www.anskar.de/marburg/#website"},"primaryImageOfPage":{"@id":"https://www.anskar.de/marburg/wer-war-anskar/#primaryimage"},"image":{"@id":"https://www.anskar.de/marburg/wer-war-anskar/#primaryimage"},"thumbnailUrl":"https://www.anskar.de/wp-content/uploads/2016/04/anskar-221x300.jpg","datePublished":"2017-10-11T12:41:36+00:00","dateModified":"2017-10-11T15:28:16+00:00","breadcrumb":{"@id":"https://www.anskar.de/marburg/wer-war-anskar/#breadcrumb"},"inLanguage":"de","potentialAction":[{"@type":"ReadAction","target":["https://www.anskar.de/marburg/wer-war-anskar/"]}]},{"@type":"ImageObject","inLanguage":"de","@id":"https://www.anskar.de/marburg/wer-war-anskar/#primaryimage","url":"https://www.anskar.de/wp-content/uploads/2016/04/anskar-221x300.jpg","contentUrl":"https://www.anskar.de/wp-content/uploads/2016/04/anskar-221x300.jpg"},{"@type":"BreadcrumbList","@id":"https://www.anskar.de/marburg/wer-war-anskar/#breadcrumb","itemListElement":[{"@type":"ListItem","position":1,"name":"Startseite","item":"https://www.anskar.de/marburg/"},{"@type":"ListItem","position":2,"name":"Wer war Anskar?"}]},{"@type":"WebSite","@id":"https://www.anskar.de/marburg/#website","url":"https://www.anskar.de/marburg/","name":"Anskar-Kirche Marburg","description":"Internationale Gemeinde","potentialAction":[{"@type":"SearchAction","target":{"@type":"EntryPoint","urlTemplate":"https://www.anskar.de/marburg/?s={search_term_string}"},"query-input":{"@type":"PropertyValueSpecification","valueRequired":true,"valueName":"search_term_string"}}],"inLanguage":"de"}]}</script>
<!-- / Yoast SEO plugin. -->
