{"id":2752,"date":"2017-10-11T15:30:12","date_gmt":"2017-10-11T13:30:12","guid":{"rendered":"https:\/\/www.anskar.de\/marburg\/?page_id=2752"},"modified":"2024-03-27T19:37:03","modified_gmt":"2024-03-27T18:37:03","slug":"impressum-2","status":"publish","type":"page","link":"https:\/\/www.anskar.de\/marburg\/impressum-2\/","title":{"rendered":"Impressum"},"content":{"rendered":"<p>[et_pb_section fb_built=&#8220;1&#8243; fullwidth=&#8220;on&#8220; _builder_version=&#8220;4.16&#8243; parallax=&#8220;on&#8220; global_colors_info=&#8220;{}&#8220;][et_pb_fullwidth_slider _builder_version=&#8220;4.16&#8243; parallax=&#8220;on&#8220; parallax_method=&#8220;on&#8220; custom_padding=&#8220;150px||150px|&#8220; custom_padding_tablet=&#8220;|||&#8220; custom_padding_phone=&#8220;|||&#8220; box_shadow_style=&#8220;preset6&#8243; box_shadow_blur=&#8220;10px&#8220; box_shadow_color=&#8220;rgba(0,0,0,0.1)&#8220; top_padding=&#8220;150px&#8220; bottom_padding=&#8220;150px&#8220; show_inner_shadow=&#8220;on&#8220; global_colors_info=&#8220;{}&#8220; button_text_size__hover_enabled=&#8220;off&#8220; button_one_text_size__hover_enabled=&#8220;off&#8220; button_two_text_size__hover_enabled=&#8220;off&#8220; button_text_color__hover_enabled=&#8220;off&#8220; button_one_text_color__hover_enabled=&#8220;off&#8220; button_two_text_color__hover_enabled=&#8220;off&#8220; button_border_width__hover_enabled=&#8220;off&#8220; button_one_border_width__hover_enabled=&#8220;off&#8220; button_two_border_width__hover_enabled=&#8220;off&#8220; button_border_color__hover_enabled=&#8220;off&#8220; button_one_border_color__hover_enabled=&#8220;off&#8220; button_two_border_color__hover_enabled=&#8220;off&#8220; button_border_radius__hover_enabled=&#8220;off&#8220; button_one_border_radius__hover_enabled=&#8220;off&#8220; button_two_border_radius__hover_enabled=&#8220;off&#8220; button_letter_spacing__hover_enabled=&#8220;off&#8220; button_one_letter_spacing__hover_enabled=&#8220;off&#8220; button_two_letter_spacing__hover_enabled=&#8220;off&#8220; button_bg_color__hover_enabled=&#8220;off&#8220; button_one_bg_color__hover_enabled=&#8220;off&#8220; button_two_bg_color__hover_enabled=&#8220;off&#8220;][et_pb_slide heading=&#8220;Impressum&#8220; _builder_version=&#8220;4.16&#8243; background_color=&#8220;#ffffff&#8220; background_image=&#8220;https:\/\/www.anskar.de\/marburg\/wp-content\/uploads\/sites\/4\/2017\/10\/forest-2179255_1280.jpg&#8220; parallax=&#8220;on&#8220; global_colors_info=&#8220;{}&#8220; button_text_size__hover_enabled=&#8220;off&#8220; button_one_text_size__hover_enabled=&#8220;off&#8220; button_two_text_size__hover_enabled=&#8220;off&#8220; button_text_color__hover_enabled=&#8220;off&#8220; button_one_text_color__hover_enabled=&#8220;off&#8220; button_two_text_color__hover_enabled=&#8220;off&#8220; button_border_width__hover_enabled=&#8220;off&#8220; button_one_border_width__hover_enabled=&#8220;off&#8220; button_two_border_width__hover_enabled=&#8220;off&#8220; button_border_color__hover_enabled=&#8220;off&#8220; button_one_border_color__hover_enabled=&#8220;off&#8220; button_two_border_color__hover_enabled=&#8220;off&#8220; button_border_radius__hover_enabled=&#8220;off&#8220; button_one_border_radius__hover_enabled=&#8220;off&#8220; button_two_border_radius__hover_enabled=&#8220;off&#8220; button_letter_spacing__hover_enabled=&#8220;off&#8220; button_one_letter_spacing__hover_enabled=&#8220;off&#8220; button_two_letter_spacing__hover_enabled=&#8220;off&#8220; button_bg_color__hover_enabled=&#8220;off&#8220; button_one_bg_color__hover_enabled=&#8220;off&#8220; button_two_bg_color__hover_enabled=&#8220;off&#8220; sticky_transition=&#8220;on&#8220;][\/et_pb_slide][\/et_pb_fullwidth_slider][\/et_pb_section][et_pb_section fb_built=&#8220;1&#8243; _builder_version=&#8220;4.16&#8243; global_colors_info=&#8220;{}&#8220;][et_pb_row column_structure=&#8220;1_2,1_2&#8243; _builder_version=&#8220;4.16&#8243; global_colors_info=&#8220;{}&#8220;][et_pb_column type=&#8220;1_2&#8243; _builder_version=&#8220;4.16&#8243; custom_padding=&#8220;|||&#8220; global_colors_info=&#8220;{}&#8220; custom_padding__hover=&#8220;|||&#8220;][et_pb_text _builder_version=&#8220;4.16&#8243; global_colors_info=&#8220;{}&#8220;]<\/p>\n<h3>Verantwortlich f\u00fcr den Inhalt:<\/h3>\n<p>Pastor Alexander Hirsch<br \/>Fischteich 28, 35043 Marburg<br \/>ahirsch(at)anskar.de<br \/>Tel. 06421 9484186<\/p>\n<h3><span style=\"color: #920303;font-size: 22px;letter-spacing: 1px\">Rechtlicher Tr\u00e4ger:<\/span><\/h3>\n<p>Anskar-Kirche Marburg, Evangelische Freie Gemeinde e. V.<br \/>Vorstand: Alexander Hirsch (1. Vorsitzender), Christian Enders<br \/>Eingetragen beim Amtsgericht Marburg, Nr. 2140 VR<\/p>\n<h3>Bildnachweis<\/h3>\n<p class=\"\">Header-Foto auf der Startseite von <a href=\"https:\/\/de.wikipedia.org\/wiki\/Marburg#\/media\/File:Marburg_-_Panorama_von_Am_Weinberg_(1).jpg\" target=\"_blank\" rel=\"noopener noreferrer\">Gerold Rosenberg<\/a> auf Wikimedia Commons. Verwendung gem\u00e4\u00df <a href=\"https:\/\/creativecommons.org\/licenses\/by-sa\/3.0\/\" target=\"_blank\" rel=\"noopener noreferrer\">Attribution-ShareAlike 3.0 Unported\u00a0(CC BY-SA 3.0) Lizenz<\/a>.<\/p>\n<p class=\"\">Royal Rangers Emblem \u00ae 1976 The General Council of the Assemblies of God, Springfield, Missouri, USA, 65802-1894. Ohne ausdr\u00fcckliche Erlaubnis von Royal Rangers International (f\u00fcr Royal Rangers Stammposten: Royal Rangers Deutschland) darf das Royal Rangers Emblem weder in irgendeiner Form oder auf irgendeine Art reproduziert, als Datei gespeichert oder \u00fcbertragen werden \u2013 elektronisch, mechanisch, Fotokopien, Bandaufzeichnung oder anders.<\/p>\n<p>[\/et_pb_text][\/et_pb_column][et_pb_column type=&#8220;1_2&#8243; _builder_version=&#8220;4.16&#8243; custom_padding=&#8220;|||&#8220; global_colors_info=&#8220;{}&#8220; custom_padding__hover=&#8220;|||&#8220;][et_pb_text _builder_version=&#8220;4.16&#8243; global_colors_info=&#8220;{}&#8220;]<\/p>\n<h3>Bankverbindung:<\/h3>\n<p>Volksbank Mittelhessen<br \/>IBAN DE50513900000018538300<br \/>BIC VBMHDE5F<\/p>\n<p><a href=\"https:\/\/www.anskar.de\/marburg\/spenden\/\">Weitere Konten<\/a><\/p>\n<h3>Haftungshinweis<\/h3>\n<p>Trotz sorgf\u00e4ltiger inhaltlicher Kontrolle \u00fcbernehmen wir keine Haftung f\u00fcr die Inhalte externer Links. F\u00fcr den Inhalt der verlinkten Seiten sind ausschlie\u00dflich deren Betreiber verantwortlich.\u00a0<\/p>\n<h3>Urheberrecht<\/h3>\n<p>Alle Texte, Bilder und Grafiken sind urheberrechtlich gesch\u00fctzt. Die Ver\u00f6ffentlichung, \u00dcbernahme oder Nutzung von Texten, Bildern oder anderen Daten bedarf der schriftlichen Zustimmung.<\/p>\n<h3 id=\"h13sjhjjxcl274r0c9z42eqzbh9dn3\">Datenschutz<\/h3>\n<p>Beachten Sie unsere <a href=\"#h13sjhjjxcl274r0c9z42eqzbh9dn3\">Erkl\u00e4rung zum Datenschutz<\/a>.<\/p>\n<p>Datenschutzbeauftragter der Anskar-Kirche Deutschland, Vogelweide 10, 22081 Hamburg, <a href=\"&#x6d;&#97;&#105;l&#x74;&#x6f;&#58;d&#x61;&#x74;&#101;n&#x73;&#x63;&#104;u&#x74;&#x7a;&#64;a&#x6e;&#x73;&#107;a&#x72;&#x2e;&#100;&#101;\">&#x64;a&#x74;&#101;n&#x73;&#99;&#x68;&#117;t&#x7a;&#64;&#x61;&#110;s&#x6b;&#97;&#x72;&#x2e;d&#x65;<\/a><\/p>\n<p>[\/et_pb_text][\/et_pb_column][\/et_pb_row][\/et_pb_section]<\/p>\n","protected":false},"excerpt":{"rendered":"<p>Verantwortlich f\u00fcr den Inhalt: Pastor Alexander HirschFischteich 28, 35043 Marburgahirsch(at)anskar.deTel. 06421 9484186 Rechtlicher Tr\u00e4ger: Anskar-Kirche Marburg, Evangelische Freie Gemeinde e. V.Vorstand: Alexander Hirsch (1. Vorsitzender), Christian EndersEingetragen beim Amtsgericht Marburg, [&hellip;]<\/p>\n","protected":false},"author":3,"featured_media":0,"parent":0,"menu_order":0,"comment_status":"closed","ping_status":"closed","template":"","meta":{"_et_pb_use_builder":"on","_et_pb_old_content":"","_et_gb_content_width":"","footnotes":""},"class_list":["post-2752","page","type-page","status-publish","hentry"],"yoast_head":"<!-- This site is optimized with the Yoast SEO plugin v24.6 - https:\/\/yoast.com\/wordpress\/plugins\/seo\/ -->\n<title>Impressum - Anskar-Kirche Marburg<\/title>\n<meta name=\"robots\" content=\"index, follow, max-snippet:-1, max-image-preview:large, max-video-preview:-1\" \/>\n<link rel=\"canonical\" href=\"https:\/\/www.anskar.de\/marburg\/impressum-2\/\" \/>\n<meta property=\"og:locale\" content=\"de_DE\" \/>\n<meta property=\"og:type\" content=\"article\" \/>\n<meta property=\"og:title\" content=\"Impressum - Anskar-Kirche Marburg\" \/>\n<meta property=\"og:description\" content=\"Verantwortlich f\u00fcr den Inhalt: Pastor Alexander HirschFischteich 28, 35043 Marburgahirsch(at)anskar.deTel. 06421 9484186 Rechtlicher Tr\u00e4ger: Anskar-Kirche Marburg, Evangelische Freie Gemeinde e. V.Vorstand: Alexander Hirsch (1. Vorsitzender), Christian EndersEingetragen beim Amtsgericht Marburg, [&hellip;]\" \/>\n<meta property=\"og:url\" content=\"https:\/\/www.anskar.de\/marburg\/impressum-2\/\" \/>\n<meta property=\"og:site_name\" content=\"Anskar-Kirche Marburg\" \/>\n<meta property=\"article:modified_time\" content=\"2024-03-27T18:37:03+00:00\" \/>\n<meta name=\"twitter:card\" content=\"summary_large_image\" \/>\n<meta name=\"twitter:label1\" content=\"Gesch\u00e4tzte Lesezeit\" \/>\n\t<meta name=\"twitter:data1\" content=\"3\u00a0Minuten\" \/>\n<script type=\"application\/ld+json\" class=\"yoast-schema-graph\">{\"@context\":\"https:\/\/schema.org\",\"@graph\":[{\"@type\":\"WebPage\",\"@id\":\"https:\/\/www.anskar.de\/marburg\/impressum-2\/\",\"url\":\"https:\/\/www.anskar.de\/marburg\/impressum-2\/\",\"name\":\"Impressum - Anskar-Kirche Marburg\",\"isPartOf\":{\"@id\":\"https:\/\/www.anskar.de\/marburg\/#website\"},\"datePublished\":\"2017-10-11T13:30:12+00:00\",\"dateModified\":\"2024-03-27T18:37:03+00:00\",\"breadcrumb\":{\"@id\":\"https:\/\/www.anskar.de\/marburg\/impressum-2\/#breadcrumb\"},\"inLanguage\":\"de\",\"potentialAction\":[{\"@type\":\"ReadAction\",\"target\":[\"https:\/\/www.anskar.de\/marburg\/impressum-2\/\"]}]},{\"@type\":\"BreadcrumbList\",\"@id\":\"https:\/\/www.anskar.de\/marburg\/impressum-2\/#breadcrumb\",\"itemListElement\":[{\"@type\":\"ListItem\",\"position\":1,\"name\":\"Startseite\",\"item\":\"https:\/\/www.anskar.de\/marburg\/\"},{\"@type\":\"ListItem\",\"position\":2,\"name\":\"Impressum\"}]},{\"@type\":\"WebSite\",\"@id\":\"https:\/\/www.anskar.de\/marburg\/#website\",\"url\":\"https:\/\/www.anskar.de\/marburg\/\",\"name\":\"Anskar-Kirche Marburg\",\"description\":\"Internationale Gemeinde\",\"potentialAction\":[{\"@type\":\"SearchAction\",\"target\":{\"@type\":\"EntryPoint\",\"urlTemplate\":\"https:\/\/www.anskar.de\/marburg\/?s={search_term_string}\"},\"query-input\":{\"@type\":\"PropertyValueSpecification\",\"valueRequired\":true,\"valueName\":\"search_term_string\"}}],\"inLanguage\":\"de\"}]}<\/script>\n<!-- \/ Yoast SEO plugin. -->","yoast_head_json":{"title":"Impressum - Anskar-Kirche Marburg","robots":{"index":"index","follow":"follow","max-snippet":"max-snippet:-1","max-image-preview":"max-image-preview:large","max-video-preview":"max-video-preview:-1"},"canonical":"https:\/\/www.anskar.de\/marburg\/impressum-2\/","og_locale":"de_DE","og_type":"article","og_title":"Impressum - Anskar-Kirche Marburg","og_description":"Verantwortlich f\u00fcr den Inhalt: Pastor Alexander HirschFischteich 28, 35043 Marburgahirsch(at)anskar.deTel. 06421 9484186 Rechtlicher Tr\u00e4ger: Anskar-Kirche Marburg, Evangelische Freie Gemeinde e. V.Vorstand: Alexander Hirsch (1. Vorsitzender), Christian EndersEingetragen beim Amtsgericht Marburg, [&hellip;]","og_url":"https:\/\/www.anskar.de\/marburg\/impressum-2\/","og_site_name":"Anskar-Kirche Marburg","article_modified_time":"2024-03-27T18:37:03+00:00","twitter_card":"summary_large_image","twitter_misc":{"Gesch\u00e4tzte Lesezeit":"3\u00a0Minuten"},"schema":{"@context":"https:\/\/schema.org","@graph":[{"@type":"WebPage","@id":"https:\/\/www.anskar.de\/marburg\/impressum-2\/","url":"https:\/\/www.anskar.de\/marburg\/impressum-2\/","name":"Impressum - Anskar-Kirche Marburg","isPartOf":{"@id":"https:\/\/www.anskar.de\/marburg\/#website"},"datePublished":"2017-10-11T13:30:12+00:00","dateModified":"2024-03-27T18:37:03+00:00","breadcrumb":{"@id":"https:\/\/www.anskar.de\/marburg\/impressum-2\/#breadcrumb"},"inLanguage":"de","potentialAction":[{"@type":"ReadAction","target":["https:\/\/www.anskar.de\/marburg\/impressum-2\/"]}]},{"@type":"BreadcrumbList","@id":"https:\/\/www.anskar.de\/marburg\/impressum-2\/#breadcrumb","itemListElement":[{"@type":"ListItem","position":1,"name":"Startseite","item":"https:\/\/www.anskar.de\/marburg\/"},{"@type":"ListItem","position":2,"name":"Impressum"}]},{"@type":"WebSite","@id":"https:\/\/www.anskar.de\/marburg\/#website","url":"https:\/\/www.anskar.de\/marburg\/","name":"Anskar-Kirche Marburg","description":"Internationale Gemeinde","potentialAction":[{"@type":"SearchAction","target":{"@type":"EntryPoint","urlTemplate":"https:\/\/www.anskar.de\/marburg\/?s={search_term_string}"},"query-input":{"@type":"PropertyValueSpecification","valueRequired":true,"valueName":"search_term_string"}}],"inLanguage":"de"}]}},"_links":{"self":[{"href":"https:\/\/www.anskar.de\/marburg\/wp-json\/wp\/v2\/pages\/2752","targetHints":{"allow":["GET"]}}],"collection":[{"href":"https:\/\/www.anskar.de\/marburg\/wp-json\/wp\/v2\/pages"}],"about":[{"href":"https:\/\/www.anskar.de\/marburg\/wp-json\/wp\/v2\/types\/page"}],"author":[{"embeddable":true,"href":"https:\/\/www.anskar.de\/marburg\/wp-json\/wp\/v2\/users\/3"}],"replies":[{"embeddable":true,"href":"https:\/\/www.anskar.de\/marburg\/wp-json\/wp\/v2\/comments?post=2752"}],"version-history":[{"count":9,"href":"https:\/\/www.anskar.de\/marburg\/wp-json\/wp\/v2\/pages\/2752\/revisions"}],"predecessor-version":[{"id":3978,"href":"https:\/\/www.anskar.de\/marburg\/wp-json\/wp\/v2\/pages\/2752\/revisions\/3978"}],"wp:attachment":[{"href":"https:\/\/www.anskar.de\/marburg\/wp-json\/wp\/v2\/media?parent=2752"}],"curies":[{"name":"wp","href":"https:\/\/api.w.org\/{rel}","templated":true}]}}