{"id":2798,"date":"2017-10-11T16:53:08","date_gmt":"2017-10-11T14:53:08","guid":{"rendered":"https:\/\/www.anskar.de\/marburg\/?post_type=tribe_events&#038;p=2798"},"modified":"2023-04-01T20:10:07","modified_gmt":"2023-04-01T18:10:07","slug":"grundkurs-des-glaubens","status":"publish","type":"tribe_events","link":"https:\/\/www.anskar.de\/marburg\/event\/grundkurs-des-glaubens\/","title":{"rendered":"Farbwechsel &#8211; Grundkurs des Glaubens"},"content":{"rendered":"<p>Wir leben in einer Welt, die sich in den letzten Jahren so sehr und so schnell ver\u00e4ndert hat wie selten zuvor. Erst Corona, dann der Krieg und schlie\u00dflich wirtschaftliche Probleme und die Inflation \u2013 wir alle sind davon betroffen.<\/p>\n<p>Wo ist da der Sinn? Was gibt unserem Leben Halt? Als Christinnen und Christen vertrauen wir auf einen gerechten und liebevollen Gott. Wir glauben, dass Gott die Not dieser Welt sieht und auch uns ganz pers\u00f6nlich im Blick hat. Ja, tats\u00e4chlich! Wir erfahren, dass Gott sich uns Menschen in Jesus Christus und durch seinen Heiligen Geist zuwendet. Dieser Glaube macht uns froh, schenkt Perspektive und gibt uns inmitten so mancher Trostlosigkeit des Lebens Hoffnung.<\/p>\n<p>Wenn du mehr \u00fcber den christlichen Glauben, die Bibel und Gott wissen m\u00f6chtest, dann komm zu unserem <strong>Grundkurs des Glaubens<\/strong>.<\/p>\n<p>Freude statt Bedr\u00fcckung, Mut statt Resignation, Kreativit\u00e4t statt Routine, neues Interesse an anderen Menschen statt Selbstabkapselung \u2013 das ist die Einladung dieses Kurses.<\/p>\n<p>Wir freuen uns auf deine Teilnahme!<\/p>\n<p>Der Kurs behandelt verschiedene Themen in verschiedenen Formen \u2013 durch Vortr\u00e4ge und Austauschrunden werden wir den christlichen Glauben Schritt f\u00fcr Schritt besser kennenlernen. Auch gemeinsame Mahlzeiten geh\u00f6ren dazu!<br \/>\nDer Kurs richtet sich an alle Interessierten \u2013 egal, ob du schon etwas \u00fcber den christlichen Glauben wei\u00dft, schon einen Anfang im Glauben gemacht hast oder ob du ihn erstmalig kennenlernen m\u00f6chtest.<\/p>\n<p>Da die einzelnen Einheiten aufeinander aufbauen, ist eine nur teilweise Teilnahme nicht sinnvoll.<\/p>\n<p>Wir erheben keine Kursgeb\u00fchr. \u00dcber Spenden zur Deckung der Kosten freuen wir uns \u2013 ebenso \u00fcber \u201eMitbringsel\u201c zu den gemeinsamen Mahlzeiten.<\/p>\n<p><strong>Zeiten:<\/strong><br \/>\nFreitag, 12. Mai 18.30\u201321.30 Uhr<br \/>\nSamstag, 13. Mai 10.00\u201317.30 Uhr<br \/>\nSonntag, 14. Mai 16.00\u201318.00 Uhr<br \/>\n(Abschlussgottesdienst)<\/p>\n<p><strong>Ort:<\/strong>\u00a0Uferkirche, Uferstra\u00dfe 10b.<\/p>\n<p>Wir bitten um Anmeldung an unser <a href=\"http:\/\/www.anskar.de\/marburg\/#kontakt\">Gemeindeb\u00fcro<\/a>.<\/p>\n<p><a href=\"https:\/\/nx10837.your-storageshare.de\/s\/jkE4ER3GNtmz7Xp\">Flyer als PDF<\/a><\/p>\n","protected":false},"excerpt":{"rendered":"<p>Wir leben in einer Welt, die sich in den letzten Jahren so sehr und so schnell ver\u00e4ndert hat wie selten zuvor. Erst Corona, dann der Krieg und schlie\u00dflich wirtschaftliche Probleme [&hellip;]<\/p>\n","protected":false},"author":3,"featured_media":2799,"comment_status":"open","ping_status":"closed","template":"","meta":{"_et_pb_use_builder":"","_et_pb_old_content":"","_et_gb_content_width":"","_tribe_events_status":"","_tribe_events_status_reason":"","footnotes":""},"tags":[26,29,28,16,27],"tribe_events_cat":[25],"class_list":["post-2798","tribe_events","type-tribe_events","status-publish","has-post-thumbnail","hentry","tag-einfuehrung","tag-einsteiger","tag-farbwechsel","tag-jesus","tag-seminar","tribe_events_cat-seminar","cat_seminar"],"yoast_head":"<!-- This site is optimized with the Yoast SEO plugin v24.6 - https:\/\/yoast.com\/wordpress\/plugins\/seo\/ -->\n<title>Farbwechsel - Grundkurs des Glaubens - Anskar-Kirche Marburg<\/title>\n<meta name=\"robots\" content=\"index, follow, max-snippet:-1, max-image-preview:large, max-video-preview:-1\" \/>\n<link rel=\"canonical\" href=\"https:\/\/www.anskar.de\/marburg\/event\/grundkurs-des-glaubens\/\" \/>\n<meta property=\"og:locale\" content=\"de_DE\" \/>\n<meta property=\"og:type\" content=\"article\" \/>\n<meta property=\"og:title\" content=\"Farbwechsel - Grundkurs des Glaubens - Anskar-Kirche Marburg\" \/>\n<meta property=\"og:description\" content=\"Wir leben in einer Welt, die sich in den letzten Jahren so sehr und so schnell ver\u00e4ndert hat wie selten zuvor. Erst Corona, dann der Krieg und schlie\u00dflich wirtschaftliche Probleme [&hellip;]\" \/>\n<meta property=\"og:url\" content=\"https:\/\/www.anskar.de\/marburg\/event\/grundkurs-des-glaubens\/\" \/>\n<meta property=\"og:site_name\" content=\"Anskar-Kirche Marburg\" \/>\n<meta property=\"article:modified_time\" content=\"2023-04-01T18:10:07+00:00\" \/>\n<meta property=\"og:image\" content=\"https:\/\/www.anskar.de\/marburg\/wp-content\/uploads\/sites\/4\/2017\/10\/fork-2115485_1920-1024x688.jpg\" \/>\n\t<meta property=\"og:image:width\" content=\"1024\" \/>\n\t<meta property=\"og:image:height\" content=\"688\" \/>\n\t<meta property=\"og:image:type\" content=\"image\/jpeg\" \/>\n<meta name=\"twitter:card\" content=\"summary_large_image\" \/>\n<meta name=\"twitter:label1\" content=\"Gesch\u00e4tzte Lesezeit\" \/>\n\t<meta name=\"twitter:data1\" content=\"2\u00a0Minuten\" \/>\n<script type=\"application\/ld+json\" class=\"yoast-schema-graph\">{\"@context\":\"https:\/\/schema.org\",\"@graph\":[{\"@type\":\"WebPage\",\"@id\":\"https:\/\/www.anskar.de\/marburg\/event\/grundkurs-des-glaubens\/\",\"url\":\"https:\/\/www.anskar.de\/marburg\/event\/grundkurs-des-glaubens\/\",\"name\":\"Farbwechsel - Grundkurs des Glaubens - Anskar-Kirche Marburg\",\"isPartOf\":{\"@id\":\"https:\/\/www.anskar.de\/marburg\/#website\"},\"primaryImageOfPage\":{\"@id\":\"https:\/\/www.anskar.de\/marburg\/event\/grundkurs-des-glaubens\/#primaryimage\"},\"image\":{\"@id\":\"https:\/\/www.anskar.de\/marburg\/event\/grundkurs-des-glaubens\/#primaryimage\"},\"thumbnailUrl\":\"https:\/\/www.anskar.de\/marburg\/wp-content\/uploads\/sites\/4\/2017\/10\/fork-2115485_1920-1024x688.jpg\",\"datePublished\":\"2017-10-11T14:53:08+00:00\",\"dateModified\":\"2023-04-01T18:10:07+00:00\",\"breadcrumb\":{\"@id\":\"https:\/\/www.anskar.de\/marburg\/event\/grundkurs-des-glaubens\/#breadcrumb\"},\"inLanguage\":\"de\",\"potentialAction\":[{\"@type\":\"ReadAction\",\"target\":[\"https:\/\/www.anskar.de\/marburg\/event\/grundkurs-des-glaubens\/\"]}]},{\"@type\":\"ImageObject\",\"inLanguage\":\"de\",\"@id\":\"https:\/\/www.anskar.de\/marburg\/event\/grundkurs-des-glaubens\/#primaryimage\",\"url\":\"https:\/\/www.anskar.de\/marburg\/wp-content\/uploads\/sites\/4\/2017\/10\/fork-2115485_1920-1024x688.jpg\",\"contentUrl\":\"https:\/\/www.anskar.de\/marburg\/wp-content\/uploads\/sites\/4\/2017\/10\/fork-2115485_1920-1024x688.jpg\",\"width\":1024,\"height\":688},{\"@type\":\"BreadcrumbList\",\"@id\":\"https:\/\/www.anskar.de\/marburg\/event\/grundkurs-des-glaubens\/#breadcrumb\",\"itemListElement\":[{\"@type\":\"ListItem\",\"position\":1,\"name\":\"Startseite\",\"item\":\"https:\/\/www.anskar.de\/marburg\/\"},{\"@type\":\"ListItem\",\"position\":2,\"name\":\"Veranstaltungen\",\"item\":\"https:\/\/www.anskar.de\/marburg\/events\/\"},{\"@type\":\"ListItem\",\"position\":3,\"name\":\"Farbwechsel &#8211; Grundkurs des Glaubens\"}]},{\"@type\":\"WebSite\",\"@id\":\"https:\/\/www.anskar.de\/marburg\/#website\",\"url\":\"https:\/\/www.anskar.de\/marburg\/\",\"name\":\"Anskar-Kirche Marburg\",\"description\":\"Internationale Gemeinde\",\"potentialAction\":[{\"@type\":\"SearchAction\",\"target\":{\"@type\":\"EntryPoint\",\"urlTemplate\":\"https:\/\/www.anskar.de\/marburg\/?s={search_term_string}\"},\"query-input\":{\"@type\":\"PropertyValueSpecification\",\"valueRequired\":true,\"valueName\":\"search_term_string\"}}],\"inLanguage\":\"de\"}]}<\/script>\n<!-- \/ Yoast SEO plugin. -->","yoast_head_json":{"title":"Farbwechsel - Grundkurs des Glaubens - Anskar-Kirche Marburg","robots":{"index":"index","follow":"follow","max-snippet":"max-snippet:-1","max-image-preview":"max-image-preview:large","max-video-preview":"max-video-preview:-1"},"canonical":"https:\/\/www.anskar.de\/marburg\/event\/grundkurs-des-glaubens\/","og_locale":"de_DE","og_type":"article","og_title":"Farbwechsel - Grundkurs des Glaubens - Anskar-Kirche Marburg","og_description":"Wir leben in einer Welt, die sich in den letzten Jahren so sehr und so schnell ver\u00e4ndert hat wie selten zuvor. Erst Corona, dann der Krieg und schlie\u00dflich wirtschaftliche Probleme [&hellip;]","og_url":"https:\/\/www.anskar.de\/marburg\/event\/grundkurs-des-glaubens\/","og_site_name":"Anskar-Kirche Marburg","article_modified_time":"2023-04-01T18:10:07+00:00","og_image":[{"width":1024,"height":688,"url":"https:\/\/www.anskar.de\/marburg\/wp-content\/uploads\/sites\/4\/2017\/10\/fork-2115485_1920-1024x688.jpg","type":"image\/jpeg"}],"twitter_card":"summary_large_image","twitter_misc":{"Gesch\u00e4tzte Lesezeit":"2\u00a0Minuten"},"schema":{"@context":"https:\/\/schema.org","@graph":[{"@type":"WebPage","@id":"https:\/\/www.anskar.de\/marburg\/event\/grundkurs-des-glaubens\/","url":"https:\/\/www.anskar.de\/marburg\/event\/grundkurs-des-glaubens\/","name":"Farbwechsel - Grundkurs des Glaubens - Anskar-Kirche Marburg","isPartOf":{"@id":"https:\/\/www.anskar.de\/marburg\/#website"},"primaryImageOfPage":{"@id":"https:\/\/www.anskar.de\/marburg\/event\/grundkurs-des-glaubens\/#primaryimage"},"image":{"@id":"https:\/\/www.anskar.de\/marburg\/event\/grundkurs-des-glaubens\/#primaryimage"},"thumbnailUrl":"https:\/\/www.anskar.de\/marburg\/wp-content\/uploads\/sites\/4\/2017\/10\/fork-2115485_1920-1024x688.jpg","datePublished":"2017-10-11T14:53:08+00:00","dateModified":"2023-04-01T18:10:07+00:00","breadcrumb":{"@id":"https:\/\/www.anskar.de\/marburg\/event\/grundkurs-des-glaubens\/#breadcrumb"},"inLanguage":"de","potentialAction":[{"@type":"ReadAction","target":["https:\/\/www.anskar.de\/marburg\/event\/grundkurs-des-glaubens\/"]}]},{"@type":"ImageObject","inLanguage":"de","@id":"https:\/\/www.anskar.de\/marburg\/event\/grundkurs-des-glaubens\/#primaryimage","url":"https:\/\/www.anskar.de\/marburg\/wp-content\/uploads\/sites\/4\/2017\/10\/fork-2115485_1920-1024x688.jpg","contentUrl":"https:\/\/www.anskar.de\/marburg\/wp-content\/uploads\/sites\/4\/2017\/10\/fork-2115485_1920-1024x688.jpg","width":1024,"height":688},{"@type":"BreadcrumbList","@id":"https:\/\/www.anskar.de\/marburg\/event\/grundkurs-des-glaubens\/#breadcrumb","itemListElement":[{"@type":"ListItem","position":1,"name":"Startseite","item":"https:\/\/www.anskar.de\/marburg\/"},{"@type":"ListItem","position":2,"name":"Veranstaltungen","item":"https:\/\/www.anskar.de\/marburg\/events\/"},{"@type":"ListItem","position":3,"name":"Farbwechsel &#8211; Grundkurs des Glaubens"}]},{"@type":"WebSite","@id":"https:\/\/www.anskar.de\/marburg\/#website","url":"https:\/\/www.anskar.de\/marburg\/","name":"Anskar-Kirche Marburg","description":"Internationale Gemeinde","potentialAction":[{"@type":"SearchAction","target":{"@type":"EntryPoint","urlTemplate":"https:\/\/www.anskar.de\/marburg\/?s={search_term_string}"},"query-input":{"@type":"PropertyValueSpecification","valueRequired":true,"valueName":"search_term_string"}}],"inLanguage":"de"}]}},"_links":{"self":[{"href":"https:\/\/www.anskar.de\/marburg\/wp-json\/wp\/v2\/tribe_events\/2798","targetHints":{"allow":["GET"]}}],"collection":[{"href":"https:\/\/www.anskar.de\/marburg\/wp-json\/wp\/v2\/tribe_events"}],"about":[{"href":"https:\/\/www.anskar.de\/marburg\/wp-json\/wp\/v2\/types\/tribe_events"}],"author":[{"embeddable":true,"href":"https:\/\/www.anskar.de\/marburg\/wp-json\/wp\/v2\/users\/3"}],"replies":[{"embeddable":true,"href":"https:\/\/www.anskar.de\/marburg\/wp-json\/wp\/v2\/comments?post=2798"}],"version-history":[{"count":3,"href":"https:\/\/www.anskar.de\/marburg\/wp-json\/wp\/v2\/tribe_events\/2798\/revisions"}],"predecessor-version":[{"id":3726,"href":"https:\/\/www.anskar.de\/marburg\/wp-json\/wp\/v2\/tribe_events\/2798\/revisions\/3726"}],"wp:featuredmedia":[{"embeddable":true,"href":"https:\/\/www.anskar.de\/marburg\/wp-json\/wp\/v2\/media\/2799"}],"wp:attachment":[{"href":"https:\/\/www.anskar.de\/marburg\/wp-json\/wp\/v2\/media?parent=2798"}],"wp:term":[{"taxonomy":"post_tag","embeddable":true,"href":"https:\/\/www.anskar.de\/marburg\/wp-json\/wp\/v2\/tags?post=2798"},{"taxonomy":"tribe_events_cat","embeddable":true,"href":"https:\/\/www.anskar.de\/marburg\/wp-json\/wp\/v2\/tribe_events_cat?post=2798"}],"curies":[{"name":"wp","href":"https:\/\/api.w.org\/{rel}","templated":true}]}}

<p>Wir leben in einer Welt, die sich in den letzten Jahren so sehr und so schnell verändert hat wie selten zuvor. Erst Corona, dann der Krieg und schließlich wirtschaftliche Probleme und die Inflation – wir alle sind davon betroffen.</p>
<p>Wo ist da der Sinn? Was gibt unserem Leben Halt? Als Christinnen und Christen vertrauen wir auf einen gerechten und liebevollen Gott. Wir glauben, dass Gott die Not dieser Welt sieht und auch uns ganz persönlich im Blick hat. Ja, tatsächlich! Wir erfahren, dass Gott sich uns Menschen in Jesus Christus und durch seinen Heiligen Geist zuwendet. Dieser Glaube macht uns froh, schenkt Perspektive und gibt uns inmitten so mancher Trostlosigkeit des Lebens Hoffnung.</p>
<p>Wenn du mehr über den christlichen Glauben, die Bibel und Gott wissen möchtest, dann komm zu unserem <strong>Grundkurs des Glaubens</strong>.</p>
<p>Freude statt Bedrückung, Mut statt Resignation, Kreativität statt Routine, neues Interesse an anderen Menschen statt Selbstabkapselung – das ist die Einladung dieses Kurses.</p>
<p>Wir freuen uns auf deine Teilnahme!</p>
<p>Der Kurs behandelt verschiedene Themen in verschiedenen Formen – durch Vorträge und Austauschrunden werden wir den christlichen Glauben Schritt für Schritt besser kennenlernen. Auch gemeinsame Mahlzeiten gehören dazu!<br />
Der Kurs richtet sich an alle Interessierten – egal, ob du schon etwas über den christlichen Glauben weißt, schon einen Anfang im Glauben gemacht hast oder ob du ihn erstmalig kennenlernen möchtest.</p>
<p>Da die einzelnen Einheiten aufeinander aufbauen, ist eine nur teilweise Teilnahme nicht sinnvoll.</p>
<p>Wir erheben keine Kursgebühr. Über Spenden zur Deckung der Kosten freuen wir uns – ebenso über „Mitbringsel“ zu den gemeinsamen Mahlzeiten.</p>
<p><strong>Zeiten:</strong><br />
Freitag, 12. Mai 18.30–21.30 Uhr<br />
Samstag, 13. Mai 10.00–17.30 Uhr<br />
Sonntag, 14. Mai 16.00–18.00 Uhr<br />
(Abschlussgottesdienst)</p>
<p><strong>Ort:</strong> Uferkirche, Uferstraße 10b.</p>
<p>Wir bitten um Anmeldung an unser <a href="http://www.anskar.de/marburg/#kontakt">Gemeindebüro</a>.</p>
<p><a href="https://nx10837.your-storageshare.de/s/jkE4ER3GNtmz7Xp">Flyer als PDF</a></p>

<p>Wir leben in einer Welt, die sich in den letzten Jahren so sehr und so schnell verändert hat wie selten zuvor. Erst Corona, dann der Krieg und schließlich wirtschaftliche Probleme [&hellip;]</p>

<!-- This site is optimized with the Yoast SEO plugin v24.6 - https://yoast.com/wordpress/plugins/seo/ -->
<title>Farbwechsel - Grundkurs des Glaubens - Anskar-Kirche Marburg</title>
<meta name="robots" content="index, follow, max-snippet:-1, max-image-preview:large, max-video-preview:-1" />
<link rel="canonical" href="https://www.anskar.de/marburg/event/grundkurs-des-glaubens/" />
<meta property="og:locale" content="de_DE" />
<meta property="og:type" content="article" />
<meta property="og:title" content="Farbwechsel - Grundkurs des Glaubens - Anskar-Kirche Marburg" />
<meta property="og:description" content="Wir leben in einer Welt, die sich in den letzten Jahren so sehr und so schnell verändert hat wie selten zuvor. Erst Corona, dann der Krieg und schließlich wirtschaftliche Probleme [&hellip;]" />
<meta property="og:url" content="https://www.anskar.de/marburg/event/grundkurs-des-glaubens/" />
<meta property="og:site_name" content="Anskar-Kirche Marburg" />
<meta property="article:modified_time" content="2023-04-01T18:10:07+00:00" />
<meta property="og:image" content="https://www.anskar.de/marburg/wp-content/uploads/sites/4/2017/10/fork-2115485_1920-1024x688.jpg" />
	<meta property="og:image:width" content="1024" />
	<meta property="og:image:height" content="688" />
	<meta property="og:image:type" content="image/jpeg" />
<meta name="twitter:card" content="summary_large_image" />
<meta name="twitter:label1" content="Geschätzte Lesezeit" />
	<meta name="twitter:data1" content="2 Minuten" />
<script type="application/ld+json" class="yoast-schema-graph">{"@context":"https://schema.org","@graph":[{"@type":"WebPage","@id":"https://www.anskar.de/marburg/event/grundkurs-des-glaubens/","url":"https://www.anskar.de/marburg/event/grundkurs-des-glaubens/","name":"Farbwechsel - Grundkurs des Glaubens - Anskar-Kirche Marburg","isPartOf":{"@id":"https://www.anskar.de/marburg/#website"},"primaryImageOfPage":{"@id":"https://www.anskar.de/marburg/event/grundkurs-des-glaubens/#primaryimage"},"image":{"@id":"https://www.anskar.de/marburg/event/grundkurs-des-glaubens/#primaryimage"},"thumbnailUrl":"https://www.anskar.de/marburg/wp-content/uploads/sites/4/2017/10/fork-2115485_1920-1024x688.jpg","datePublished":"2017-10-11T14:53:08+00:00","dateModified":"2023-04-01T18:10:07+00:00","breadcrumb":{"@id":"https://www.anskar.de/marburg/event/grundkurs-des-glaubens/#breadcrumb"},"inLanguage":"de","potentialAction":[{"@type":"ReadAction","target":["https://www.anskar.de/marburg/event/grundkurs-des-glaubens/"]}]},{"@type":"ImageObject","inLanguage":"de","@id":"https://www.anskar.de/marburg/event/grundkurs-des-glaubens/#primaryimage","url":"https://www.anskar.de/marburg/wp-content/uploads/sites/4/2017/10/fork-2115485_1920-1024x688.jpg","contentUrl":"https://www.anskar.de/marburg/wp-content/uploads/sites/4/2017/10/fork-2115485_1920-1024x688.jpg","width":1024,"height":688},{"@type":"BreadcrumbList","@id":"https://www.anskar.de/marburg/event/grundkurs-des-glaubens/#breadcrumb","itemListElement":[{"@type":"ListItem","position":1,"name":"Startseite","item":"https://www.anskar.de/marburg/"},{"@type":"ListItem","position":2,"name":"Veranstaltungen","item":"https://www.anskar.de/marburg/events/"},{"@type":"ListItem","position":3,"name":"Farbwechsel &#8211; Grundkurs des Glaubens"}]},{"@type":"WebSite","@id":"https://www.anskar.de/marburg/#website","url":"https://www.anskar.de/marburg/","name":"Anskar-Kirche Marburg","description":"Internationale Gemeinde","potentialAction":[{"@type":"SearchAction","target":{"@type":"EntryPoint","urlTemplate":"https://www.anskar.de/marburg/?s={search_term_string}"},"query-input":{"@type":"PropertyValueSpecification","valueRequired":true,"valueName":"search_term_string"}}],"inLanguage":"de"}]}</script>
<!-- / Yoast SEO plugin. -->

Wir leben in einer Welt, die sich in den letzten Jahren so sehr und so schnell verändert hat wie selten zuvor. Erst Corona, dann der Krieg und schließlich wirtschaftliche Probleme [&hellip;]
